18. Let w(y) = y**2 + y - 12. Give w(b).
-12
Let o(v) be the third derivative of 0*v**3 + 1/144*v**6 + 0*v + 0 + 1/120*v**5 + v**2 + 1/24*v**4. Let n(h) be the second derivative of o(h). Calculate n(1).
6
Let b(q) be the second derivative of q**3/6 - q**2/2 - 6*q. Let z(j) = j - 1. Let o be z(7). Let m be b(o). Let v(f) = -f**3 + 4*f**2 + 6*f - 1. Determine v(m).
4
Let u = -4 - -2. Let i(h) = -h**3 - h**2 + 6*h + 3. Let s(z) = -z**3 - z**2 + z. Let d(v) = -i(v) + 2*s(v). Give d(u).
9
Let p(r) be the third derivative of -r**8/20160 + r**7/1260 + r**6/360 - r**5/60 - 5*r**2. Let g(t) be the third derivative of p(t). Determine g(4).
2
Let y(r) = 9*r**2 - 1. Suppose -6 = 2*c - 0*c. Let g = c + 4. Suppose -2*x - g = -3. Give y(x).
8
Let z(j) = -j**2 - 5*j - 5. Let d(b) = b**3 - b**2 + 3*b + 2. Let k(p) = -p**3 - 2*p - 2. Let a(h) = 3*d(h) + 4*k(h). Let g be a(-3). Determine z(g).
-5
Let g(n) be the first derivative of 3*n**2 + 1. Suppose -3*f - 2*f + 6 = -3*q, q + 4*f = 15. Suppose q*v - 2 = 5*v. Give g(v).
-6
Let p(l) = l**2 + l. Let n be p(-3). Let z(o) = 2*o - 8. Give z(n).
4
Let g(x) = -x - 9. Let h = 27 + -34. What is g(h)?
-2
Let d(s) = -s + 5*s - s - 2 - 4*s. Let k be 3/1*16/(-12). Calculate d(k).
2
Let c(r) = -2*r**2 - 8*r - 11. Let p(h) = -h**2 - 4*h - 6. Let l(j) = 3*c(j) - 5*p(j). Suppose -5*u + 5 = -15. Let i be u/18 - 20/9. Determine l(i).
1
Let p(k) = k**2 - 2. Let a(l) be the first derivative of l**3/3 + l**2/2 - 3. Let u be a(1). Let x = u - 5. Give p(x).
7
Let i(m) = m**2 - 2*m - 4. Let o be i(2). Let z(k) = -5*k**3 + 7*k**2 - 4*k. Let b(h) = -4*h**3 + 6*h**2 - 3*h - 1. Let x(t) = o*b(t) + 3*z(t). What is x(3)?
4
Let c be ((-4)/10)/(5/50). Let a(q) = q**2 + 4*q - 5. What is a(c)?
-5
Suppose f - 11 + 27 = 5*m, -2 = -f - 4*m. Let j be 3/f*-2*5. Suppose -j*p - 7 = 3. Let u(t) = t**2 + 2*t - 1. Determine u(p).
-1
Suppose 3*q + 5*v - 32 = v, 3*v - 3 = 3*q. Let f be q/(-6)*(-3)/2. Let x(y) = -6*y - 1. What is x(f)?
-7
Let i be (0 - 1)/(3/(-12)). Let k(s) = -s - 1. Let g be (4/8)/((-1)/(-4)). Let w(o) = o**2 - 9*o + 4. Let f(n) = g*k(n) - w(n). Determine f(i).
6
Let w(q) = 9*q - 7. Let h(j) = 4*j - 3. Let s(l) = 14*h(l) - 6*w(l). Calculate s(2).
4
Suppose 0 = 2*v + 8, 3*g - 2 = 4*g + v. Suppose 5*r = g*r + 9. Let i(l) = 3*l - 4. Calculate i(r).
5
Let v(w) be the second derivative of w**3/2 - w**2/2 + 22*w. What is v(1)?
2
Let k(z) = 14*z - 12. Let w(u) = -5*u + 4. Let s(t) = 6*k(t) + 17*w(t). Determine s(-5).
1
Let z(n) be the third derivative of -n**6/120 - n**5/30 + n**4/12 + n**3/2 - 3*n**2. Let d be z(-2). Let c(g) = -5*g**3 + 2*g**2 + g. What is c(d)?
6
Let v = 15 + 0. Let p(m) = -v*m + 12*m + 3 - 10. What is p(-5)?
8
Let v(h) = 9 + h**2 - 4*h - 8 - h**2 + h**2. What is v(3)?
-2
Let a be (-33)/(-12) + (-1)/(-4). Let r(q) be the second derivative of 2*q + 0 + 1/2*q**2 - 1/3*q**a + 1/12*q**4. What is r(3)?
4
Suppose 0 = 3*a - 11 - 1. Let i(u) = -5*u**3 + 4*u**2 - 4*u. Let b(j) = 4*j**3 + 2*j**3 + 0*j**3 + 5*j - 5*j**2. Let f(h) = a*b(h) + 5*i(h). Calculate f(1).
-1
Let d(a) = -11*a - 1. Suppose 39 + 6 = 5*g. Suppose -5*o = 4*t + g, 3*o - 2*t + 0 = -1. Determine d(o).
10
Let d(y) be the second derivative of 0 + 1/6*y**3 - y + 1/2*y**2. Calculate d(5).
6
Let i = -19 + 13. Let o(l) = -l**2 - 9*l - 8. What is o(i)?
10
Let i(f) = 4*f**3 - 3*f**2 + 3. Let h(t) = 5*t**3 - 4*t**2 + 4. Let m(d) = -2*h(d) + 3*i(d). Calculate m(-1).
-2
Let x(q) = -q**3 + 5*q**2 + 6*q + 6. Let s(v) = v**2. Let h be s(-2). Let f(m) = 2*m - 2. Let c be f(h). Determine x(c).
6
Let w(p) be the first derivative of -p**3/3 + p**2/2 + 2*p + 47. Suppose x = 2*x. Determine w(x).
2
Let z(h) = -2*h**2 - 2*h - 1. Suppose -3*r + 5*i + 35 = 0, r - 43 = -2*r + i. Suppose -4 - 1 = -m. Suppose 0 = 4*j - q, -8 = 3*j + m*q + r. What is z(j)?
-1
Let w(z) = 3*z + 3. Let l(v) = 6*v + 7. Let h(x) = 2*l(x) - 5*w(x). Let c = 9 - 1. Let y = 6 - c. What is h(y)?
5
Let s(r) = 5*r**3 - 6*r**2 + 9*r - 5. Let a(k) = 11*k**3 - 12*k**2 + 19*k - 10. Let c(h) = 4*a(h) - 9*s(h). Calculate c(5).
5
Suppose 3*i + 7 = 22. Let n = -8 + i. Let c be 0 + (0 - 1) + n. Let h(a) = -2*a - 6. Give h(c).
2
Let f(d) = -d**2 + 5*d + 7. Let p be (-5 + -1)/(18 + -19). Determine f(p).
1
Let a(b) = -b**2 - 3*b + 4. Let c be -20 + -3*6/(-9). Let d be c/4 - 3/6. Calculate a(d).
-6
Let q be 3/(0 - -3)*3. Suppose -w - 5*g - 18 = 8, -q*g - 12 = 0. Let u(c) = -c**2 - 6*c - 8. Calculate u(w).
-8
Let g(j) be the second derivative of -j**3/6 - j**2/2 + j. Let p(w) = w**3 + 4*w**2 - 5*w - 2. Suppose -9*v = 22 + 23. Let y be p(v). Give g(y).
1
Let a(f) = -95 + 0*f - 3*f + 102. Determine a(-5).
22
Suppose 2 + 2 = 2*s. Let d(h) = -s + h - h + h - 3. Determine d(0).
-5
Let c(h) = -3*h**2 - 4 + 8 + 2*h**2 + 6*h. Determine c(5).
9
Let y(q) = q**2 - 3*q - 3. Let m be y(3). Let n(t) be the first derivative of t**3/3 + t**2 - 3*t - 2. What is n(m)?
0
Let w(q) = -6*q**3 - 2*q**2 + 5*q**3 + 3*q - 2*q. What is w(-3)?
6
Let w(c) be the first derivative of -1/12*c**4 - 1/3*c**3 + 0*c + 2 - 1/360*c**6 + 0*c**2 - 1/20*c**5. Let s(k) be the third derivative of w(k). What is s(-5)?
3
Let m(p) = -9*p**3 + 9*p**2 + 7*p - 2. Let h(z) = 4*z**3 - 4*z**2 - 3*z + 1. Let x(a) = 7*h(a) + 3*m(a). Let c = 3 - 2. What is x(c)?
1
Let f(r) = -2*r + 2. Suppose 2*l + 32 = -4*t, 3*l + t + 44 = -4*t. Let m(p) = p**3 + 8*p**2 + p + 2. Let a be m(l). Give f(a).
14
Let x(i) = -i**2 - i + 1. Let r(q) = -5*q**2 - 2*q + 1. Let s(m) = -r(m) + 2*x(m). Let c(k) = -k**2 - k - 1. Let v(w) = 2*c(w) + s(w). Give v(-2).
7
Let f(o) = o - 8. Let k be f(6). Let h = k - -5. Let g(v) = -1 - h + 1 - 2*v + 0*v. What is g(3)?
-9
Let h(v) be the first derivative of -1/2*v**2 - 3*v - 1 - 1/3*v**3. Let k(m) be the first derivative of h(m). What is k(-1)?
1
Let g be (4/(-5))/((-2)/25). Suppose -m - g = m. Let b(y) = -10*y - 1. Let w(l) = -l. Let u(j) = m*w(j) + b(j). What is u(-2)?
9
Let f(r) = -4 - r**2 + 7*r + 2 + 8. Let b(o) = -2*o**2 + 8*o + 7. Let m(c) = 2*b(c) - 3*f(c). Calculate m(-4).
0
Let z(i) be the first derivative of -i**3 + 2*i**2 - 2*i + 5. Determine z(2).
-6
Let t(c) be the second derivative of -c**3/6 - 2*c**2 - c. Suppose -q - 2 = -0*q. Let k be q/(1 + 0) + -1. What is t(k)?
-1
Let m(o) = -7*o**3 - o**2 - 5*o - 13. Let i(u) = u**3 - u**2 + u + 1. Let p(x) = 6*i(x) + m(x). What is p(-7)?
-14
Let q(k) be the second derivative of -k**5/20 - k**4/12 + k**3/2 + k**2/2 - 13*k. Determine q(-2).
-1
Let u(d) = -d**2 - 10*d - 7. Let m be u(-9). Let h(p) = 4*p**2 - m*p - p**3 + 2*p + 3*p - 3. Give h(4).
9
Let u = -88 + 94. Let d(b) = b - 4. Calculate d(u).
2
Let k(m) = 2 - 6 + 10 + m + 6. What is k(-6)?
6
Let z(f) = -f + 1. Let q(g) = 6*g - 7. Let c(b) = -q(b) - 3*z(b). Let v = 11 - 7. Let h = 7 - v. What is c(h)?
-5
Suppose 5*n = -4*h + 4*n + 37, -2*n = h - 18. Let a(u) = -9*u**3 + 4*u**2 + 10*u**3 - 4*u**2 + u - h. Calculate a(0).
-8
Let h(r) be the third derivative of -r**6/120 - r**4/24 - 2*r**2. Let m be h(-1). Let g(u) = 3*u**2 - 4*u**2 + u**3 - u + 1 + 0*u**3. Calculate g(m).
3
Suppose 8 = -5*h + 3*h. Let g(m) = m**2 + m - 1. Let v(x) = -x**3 - 5*x**2 + 3*x + 4. Let p(d) = -2*g(d) - v(d). Give p(h).
2
Let i(o) = 7*o + 5*o - 11*o - o**2. Let m(p) = -p + 4. Let g be m(9). Let d = -2 - g. Give i(d).
-6
Let s(l) be the third derivative of l**8/20160 + l**7/1008 + l**6/240 - l**5/30 - 3*l**2. Let d(z) be the third derivative of s(z). Calculate d(-3).
-3
Let q(g) = 1. Let j(r) = -4. Let o(n) = j(n) + 5*q(n). Let m(d) = d**3 + 5. Let u(t) = -m(t) + 5*o(t). Determine u(1).
-1
Let u(l) = -5*l**2 + 15*l - l**3 - 5 - 6*l - 3*l**2. Let d be u(-9). Let n = d - -5. Let z(x) = -x**2 + x + 7. Give z(n).
7
Let j(v) = -4*v. Let p be j(-1). Suppose 3*t + p*w - 14 = 7, -3*t - 3*w + 18 = 0. Let c(y) = y - 5*y**2 - 4*y**3 - 2 + 4*y**3 + 3*y + y**3. Give c(t).
-8
Let p(m) = 3*m**2 - m - 1. Let j = 7 - 5. Let s(n) = 0*n + n - j*n + 4. Let i be s(5). Calculate p(i).
3
Let f(p) be the second derivative of -p**5/20 - 2*p**4/3 + 5*p**3/3 + 2*p**2 + 24*p. Calculate f(-9).
-5
Let c(g) = -g**2 + 6*g + 8. Let z be c(6). Suppose -z = -4*u + 12. Let h(r) be the third derivative of r**4/8 - 5*r**3/6 + r**2. Calculate h(u).
10
Let s(j) = -j**3 + 6*j**2 - 6*j + 6. Let y be s(4). Suppose 0 = 5*m - 5*h - 20, 